 is the highest common divisor of c and v?
1
Suppose 404 = 17*n - 667. What is the greatest common factor of n and 42?
21
Let h be (-580)/(-8)*(-1 + -1). Let z = 193 + h. Calculate the highest common divisor of 12 and z.
12
Let l(d) = 38*d**3 - d**2 + d. Let v be l(1). Suppose 0 = 7*i - 304 - 1026. What is the greatest common divisor of v and i?
38
Let w(j) = j**2 - 34*j + 34. Let l be w(36). What is the greatest common factor of 1378 and l?
106
Let c = -405 + 823. What is the highest common factor of c and 66?
22
Let g(r) = -3*r**2 + 3*r - 12. Let z be g(-9). Let o = -111 - z. What is the greatest common factor of o and 19?
19
Let o = -8 - -10. Suppose -o*b - 7 + 3 = -4*h, 3*h - 8 = -b. Suppose 43 + 1 = b*s. What is the greatest common factor of s and 132?
22
Let n(w) = -4*w + 136. Let p be n(4). Calculate the highest common factor of 80 and p.
40
Let j(l) = -l**2 - 2*l + 2. Let b be j(-2). Let d = 5 + -8. Let k = b - d. What is the greatest common divisor of 35 and k?
5
Let r be 1/((1 + 1)/20). Suppose 119*u - 1935 = -1340. What is the highest common factor of u and r?
5
Let f(g) = g**3 - 30*g**2 - 132*g - 132. Let i be f(34). Let o be (-1)/6 - 244/(-24). What is the greatest common divisor of i and o?
2
Suppose 7*g + 203 = 1715. What is the greatest common divisor of g and 360?
72
Let o = -60 - -96. Let d(m) = 2*m - 4. Let x(j) = 1. Let h(l) = d(l) + 2*x(l). Let v be h(10). What is the highest common factor of o and v?
18
Let p be (5 - 8)/(3/(-715)). Calculate the highest common divisor of p and 5.
5
Let b(v) = -2*v**3 + v**2 + 7*v + 8. Let w be b(-2). Calculate the highest common factor of 378 and w.
14
Let y(h) = h**2 - 1 + 0*h**2 - 2*h + 6. Let v(u) = -4*u - 51. Let p be v(-14). Let d be y(p). Calculate the highest common factor of 8 and d.
4
Suppose 59*v - 2706 = 480. Calculate the greatest common factor of 342 and v.
18
Let q be (1 - -2) + 0 + 82. Let c = q - 59. Let i = c + -18. Calculate the highest common factor of 8 and i.
8
Let t = 25 - -1. Suppose -3*u = -5*u + t. Let p(x) = 2*x**2 - 8*x - 11. Let i be p(-7). Calculate the highest common divisor of i and u.
13
Let t = -949 + 1558. What is the greatest common divisor of t and 87?
87
Let b be -4*(2 - 3 - 0). Suppose -b*u + 15 = u. Let t = -2 + u. Calculate the greatest common factor of t and 7.
1
Suppose -2*t + 3*r = -0*r - 504, -1008 = -4*t + 3*r. Suppose 7*v - v = t. Calculate the greatest common factor of 6 and v.
6
Let j(q) = 375*q**2 + 9*q + 8. Let k be j(-1). What is the highest common factor of 44 and k?
22
Suppose 0 = -n - n + 150. Suppose d - 8 = -t, 5*t - d + 3*d - 34 = 0. Let v be 1 - (2/t)/((-1)/87). What is the highest common factor of n and v?
15
Let s(n) be the third derivative of 17*n**6/40 + n**4/24 - n**3/6 - 3*n**2. Let l be s(1). What is the greatest common factor of 17 and l?
17
Suppose 46 = 2*z + 3*m, -2*z + m + 24 + 30 = 0. Let v = 17 + -18. Let x be 3/v*(-52)/12. Calculate the greatest common divisor of x and z.
13
Let m be 143/5 - 4/(-10). Suppose y + 24*p - 26*p = 58, 0 = -4*y - 5*p + 232. Calculate the greatest common factor of m and y.
29
Let z = 1824 + -1820. Calculate the highest common factor of 44 and z.
4
Let q be (-324)/14*(-14)/3. Suppose 8 = -5*k + 9*k - 2*l, 20 = k + 4*l. Calculate the highest common divisor of q and k.
4
Let m(l) = 56*l + 12. Let v be m(-2). Let x be v/(-3) + (-3)/(-9)*2. What is the highest common factor of 17 and x?
17
Let o be ((-8)/(-24))/((-1)/(-36)). What is the greatest common divisor of 28 and o?
4
Suppose 4*j = -4*c + 1644, -3*c + 675 = 2*j - 555. Calculate the highest common factor of c and 24.
24
Let h be (-7 + 1)*(2 - (-3)/(-2)). Let n be ((-15)/20)/(h/192). Calculate the highest common divisor of n and 12.
12
Let w(t) = 36*t - 9. Let k = -130 + 131. Let a be w(k). What is the highest common divisor of 189 and a?
27
Suppose -5*k - 4009 = -4*u, 0 = 5*u + 3*k - 3602 - 1363. What is the greatest common divisor of 24 and u?
12
Let i = 946 - 886. What is the highest common divisor of 270 and i?
30
Let w(l) = 20*l + 40. Let a be w(13). What is the greatest common factor of 350 and a?
50
Let v be 12/((-57)/(-21) - 3). Let b = v + 23. Let s = -16 - b. What is the highest common divisor of s and 3?
3
Suppose 0 = 4*i - 271 - 81. Let q(y) = 101*y**2 - 2*y. Let k be q(1). Suppose -8*m + k = m. What is the greatest common divisor of i and m?
11
Let t = 18 + -15. Suppose 0 = 8*i - t*i - 30. Let c(w) = 6*w**2 - w. Let x be c(i). Calculate the greatest common divisor of x and 21.
21
Let l be 95/10 + 2/(-4). Let x = -538 + 601. Calculate the highest common divisor of l and x.
9
Suppose -o + 10 + 8 = 0. Let a be 0 + (-5 - -2) + o. Let y = -9 + a. Calculate the highest common divisor of y and 60.
6
Let p be 46/6*3*1. Let l = 358 + -151. What is the greatest common factor of p and l?
23
Let r(t) = 17*t**3 + t**2 - t. Let u be r(1). Let q = -134 - -311. Suppose 3*n + 24 - q = 0. Calculate the greatest common factor of n and u.
17
Suppose 6152 = 19*i - 498. Calculate the greatest common factor of i and 25.
25
Let n be (635 - 4) + 16/(-4). Let h be n/7 + 69/161. What is the highest common divisor of h and 10?
10
Suppose -33 = -2*y + c, -2*y + c + c + 34 = 0. Let r(i) = 65*i**3 - i**2 + i - 1. Let j be r(1). What is the highest common factor of j and y?
16
Suppose r + 1553 = 4*h - h, -4*h = -4*r - 2076. Calculate the greatest common divisor of h and 11.
11
Suppose 6*c - n - 77 = 3*c, -2*n = 5*c - 110. What is the greatest common divisor of c and 4296?
24
Let b(o) = 840*o. Let v = -135 + 71. Let l(t) = -40*t. Let h(z) = v*l(z) - 3*b(z). Let s be h(4). Calculate the greatest common divisor of 20 and s.
20
Suppose -2*k - 28 = -6*k. Suppose k*f - 179 = 66. Calculate the highest common divisor of 5 and f.
5
Suppose -30*l - 24 = -31*l. What is the highest common divisor of l and 96?
24
Suppose -3*y - 3*q = -105, 3*q - 181 = 26*y - 31*y. Calculate the highest common divisor of 285 and y.
19
Suppose 3*z - 336 = -4*f, -25*f + 24*f - 336 = -3*z. What is the greatest common factor of z and 140?
28
Let w(z) = 200*z - 1192. Let y be w(6). Let v be (2 - 24/10)*-5. Suppose -v*x + 6*x - 288 = 0. What is the greatest common divisor of y and x?
8
Suppose 0 = -5*a + 2*a. Suppose -4*y - 116 = -a. Let t = -24 - y. What is the highest common factor of 35 and t?
5
Suppose 4*s = -20, 0 = -j - 6*s + 5*s + 9. Calculate the greatest common divisor of 2 and j.
2
Let u be ((-84)/56)/(1/(-108)). Calculate the greatest common divisor of 12 and u.
6
Suppose 40 = 157*d - 147*d. Calculate the highest common divisor of 158 and d.
2
Let f = 8 + -17. Let y = 25 + f. Let z be (-324)/(-16) + (-4)/y. Calculate the highest common divisor of 20 and z.
20
Let o(h) = -2*h**2 + 10*h - 2. Let s be o(5). Let x = 11 - s. Calculate the highest common factor of x and 143.
13
Let w(n) = n**2 + 18*n - 79. Let f be w(5). What is the greatest common factor of f and 117?
9
Let p = 142 - 122. Let l = 2 + -2. Suppose l*x + x = p. Calculate the highest common factor of x and 8.
4
Suppose -15*v = -875 - 910. What is the highest common factor of v and 7?
7
Suppose 4 = 3*y - 8. Suppose -3*g + y*n = 2*g - 62, 3*g = 5*n + 45. Calculate the highest common factor of g and 80.
10
Let d be 117/(-26)*40/(-6). Let a be (-1)/(2*(-3)/72). Calculate the greatest common divisor of d and a.
6
Let u(j) = -15*j - 57. Let l be u(-4). What is the greatest common divisor of 39 and l?
3
Let q be 6*(-15)/40*(-8)/3. Calculate the greatest common factor of q and 12.
6
Let r = -1125 + 1647. Let b = 8454 - 8396. Calculate the highest common factor of b and r.
58
Let t(l) = -10*l + 16. Let k(i) = -69*i + 0 + 70*i - 3. Let y be k(-5). Let x be t(y). Calculate the greatest common factor of x and 24.
24
Let l = 625 - 527. Calculate the greatest common divisor of 441 and l.
49
Let v be (-8)/3 + (-16)/(-24). Let u be 6/4*(v + 6). What is the greatest common divisor of u and 4?
2
Suppose 42 + 2 = 2*y. Let q = y + -17. Suppose -q*v - 195 = -3*d - 2*d, -d - v + 33 = 0. Calculate the greatest common divisor of 9 and d.
9
Let a = 28 - 44. Let u be (a*3)/((-10)/15). What is the greatest common divisor of 9 and u?
9
Let z(w) = -w**3 + 9*w**2 - 6*w - 8. Let b be z(8). Let r = b - -14. Let s be (-20)/(-4) - 2 - 1. Calculate the high